k**3/6 + 2*k**2 - k + 24. Calculate u(17).
-14
Let d(i) = -4*i**2 + 4*i + 1. Let z(x) = -2*x**2 + x + 2. Let y(a) = -d(a) - 2*z(a). Let w be y(-1). Let k(t) = -t + 11. What is k(w)?
2
Let t(a) = 19*a - 15. Let l be t(1). Let u(d) = -4*d + 3*d - 11 + l*d - 4*d. What is u(-10)?
-1
Let b(t) = 4*t**3 + 3*t**2 + 0*t + 3*t + 36 - 34. Determine b(-2).
-24
Let j(u) = 4*u + 0*u - 4*u - 5*u - 20 + 33. What is j(9)?
-32
Suppose -9*i - 2*i = -11. Suppose -8*k + i = -7. Let f(b) = k + 9 - 29*b + 30*b. Give f(0).
10
Suppose -58 = 2*t - 64. Suppose 4*q - 4*u = u, -3*u = -3*q + t. Let r(c) be the second derivative of -c**4/12 + 7*c**3/6 - c**2/2 + 2*c. Give r(q).
9
Let y(v) be the second derivative of v**5/120 - 3*v**4/8 + 82*v**3/3 - 55*v. Let r(c) be the second derivative of y(c). Calculate r(-6).
-15
Let p(s) = s**3 + 7*s**2 + 4*s - 2. Let b = 31 - 47. Let w be 36/(-54) + b/3. Determine p(w).
10
Let q(t) = t**3 + 2*t**2 - 3*t - 10. Let c(w) = -20*w**2 - 1221*w - 65. Let n be c(-61). What is q(n)?
-30
Let h be (871/(-26))/(22/20 + -1). Let l = h + 334. Let k(y) = -33*y**2 - 1. Calculate k(l).
-34
Let f(q) be the first derivative of 11*q + 1/2*q**2 - 66. What is f(-6)?
5
Suppose -6*f + 35 = -1. Suppose 2*l = f - 2. Let a(o) = -27*o**2 + 59*o**l - o - 33*o**2 + o**3. Give a(0).
0
Suppose 70*n + 66*n + 234 = 118*n. Let h(p) = -p**3 - 15*p**2 - 28*p - 29. Calculate h(n).
-3
Let b(p) be the first derivative of 5*p**2 + 27*p + 257. Give b(0).
27
Let h(n) be the second derivative of -n**5/60 + n**4/12 - 2*n**3/3 - 71*n**2/2 - 3*n - 6. Let i(b) be the first derivative of h(b). Give i(6).
-28
Let y(v) = 83*v - 1. Let x(w) = 67*w - 3. Let l(f) = -5*x(f) + 4*y(f). What is l(-1)?
14
Let n(i) = -i**3 + 4*i**2 + 6*i - 6. Let c(j) = -j**2 + 15*j - 18. Let g be c(12). Let t be (1 + 0)*(g - 21). Let z = t + 7. Determine n(z).
18
Let a(c) be the second derivative of -c**4/6 - c**3/3 - 3*c**2/2 + 3174*c. Calculate a(-2).
-7
Let v(q) be the second derivative of 8*q**3/3 - q**2/2 - 14*q - 4. Calculate v(-4).
-65
Let m(h) = -4*h**2 + 0*h + 3*h + 3 + 4*h + 3*h**2 + 4*h. Let v = 9 - -2. Calculate m(v).
3
Let h(s) be the third derivative of 20*s**2 - 1/20*s**5 + 1/4*s**4 + 0*s + 0 - 1/360*s**6 - 9/2*s**3. Let i(o) be the first derivative of h(o). Determine i(-8).
-10
Let a = 65 + -1. Let j(v) = -5 - v + 2*v - a*v**2 + 65*v**2 + 5*v. What is j(-8)?
11
Let t(c) = c. Let m be 1/(21/(-7)*(-2)/12). Let r = 3 - m. Let n be (66/(-44))/(r/(-2)). Determine t(n).
3
Suppose -4*k = -v - 27, 0 = 3*k + 4*v - 0 - 6. Let f(w) = 0 + 0*w**2 - 9*w + 7 + 13*w - w**2 + 0*w**2. Calculate f(k).
-5
Let d be (-3)/(-5)*10/2. Let o(r) = 165*r**2 - 3. Let s be o(-2). Let k(v) = -s*v + 653*v - 1 - v**2 + 5*v**2 - v**3. Determine k(d).
-4
Let s(l) be the first derivative of l**2/2 - 4*l - 50. Let p(j) = -j**3 + 5*j**2 - 3*j + 4. Let c be p(4). What is s(c)?
4
Let s(u) = u - 5. Suppose -3*t + 2 = -31. Let b(k) = 2*k - 14. Let a be b(t). Suppose 4*i + 4*l = a, 2*i = -i + l + 14. Give s(i).
-1
Let n(z) be the second derivative of -z**5/20 - 7*z**4/12 + 2*z**3/3 - 7*z**2 - 12*z - 100. What is n(-9)?
112
Let j(q) = -4*q - 441. Let a(i) = -5*i - 881. Let x(f) = 4*a(f) - 7*j(f). Let g be x(54). Let l(t) = -t**3 - 8*t**2 - 8*t - 7. Determine l(g).
-42
Let q(v) = 2 + 4*v**2 + 3*v**2 - 3*v**3 - v**2 - 6*v + 2*v**3. Let d(i) = 20 + i + 21 + i**2 - 43. Let c be d(2). Determine q(c).
10
Let k(z) = -z**3 - 7*z**2 + 5*z - 10. Let p(c) = c**3 + c**2 - c - 1. Let u(m) = -k(m) - 2*p(m). Calculate u(5).
-3
Let l(h) = h**3 - 10*h**2 - 1. Let b be l(10). Suppose 0 = -3*v - t + 4, 18 = 24*v - 19*v - 4*t. Let u(m) = -m**v + 4 - 1 + m - 5*m**3 - 1 - 1. Give u(b).
4
Let h(k) = -k**3 - 14*k**2 + 18*k + 35. Let x be (-6)/8 - (-18 - 1161/(-36)). What is h(x)?
-10
Let d(p) = -4*p + 3*p - p - p - 8. Let a(u) = -u - 4. Let y(s) = -4*a(s) + d(s). What is y(-12)?
-4
Let t = -150 - -152. Suppose -4*z + x = -t*z + 3, 0 = 3*x + 9. Let f(u) = -3*u**2 - 5*u - 2. Give f(z).
-14
Let z(d) = -d - 4. Let s = -53 - -54. Let c(u) = 3*u**2 - u**2 + 2 - 2*u - 2*u**3 - 5*u**3 + u**3. Let n be c(s). What is z(n)?
0
Let s(k) = -2*k**3 + k**2 + 2*k + 1. Let f(i) = -2*i**2 + 48*i + 5. Let t be f(24). Let z be 12/(-4) + -62 + t. Let x = z - -59. Give s(x).
2
Let r be 9/(-6)*6/3. Let v(m) be the first derivative of m**4/4 + 5*m**3/3 + m**2 - m + 110. Determine v(r).
11
Suppose -2*z - 18 = 2*d, -124*z - 21 = -123*z + 4*d. Let x(m) = -9*m - 7. What is x(z)?
38
Let w(f) = 52*f**3 - f**2 + f - 1. Let l = 216 + -212. Suppose 2*m - 3 = d, 5*d - 14 = -l*m - 15. Determine w(m).
51
Suppose -4*w = -14*w - 40. Let c be (13 - (-6 + 2 - w)) + -2. Let o(j) = -j**3 + 11*j**2 - 2*j + 14. What is o(c)?
-8
Let u be (2/(-2))/((-1)/8). Let k(m) = m**3 + 75*m**2 - 82*m - 452. Let a be k(-76). Let p(x) = 4*x - 7*x - 2*x - u + a*x. Determine p(-6).
-2
Let b be (2/5)/(11/165). Let i(u) = 11*u + 5. Let q(z) = 24*z + 10. Let y(l) = b*q(l) - 13*i(l). Give y(-4).
-9
Let q(j) = -2*j**2 - j - 7. Let g(z) = 3*z**2 + z + 8. Suppose -2*h - 14 = 2*f, 8*h + 3*f + 25 = 4*h. Let p(l) = h*q(l) - 3*g(l). Calculate p(0).
4
Let h(l) = 21*l. Let f be h(15). Let d = f + -319. Let s(n) = -n - 4. Calculate s(d).
0
Let t(b) = -2*b + 4. Suppose -20*n + 22 + 18 = 0. Suppose 2*i - i + n = 0, 5*r + 4*i = -8. Give t(r).
4
Suppose 4*q - 35 = -11. Let n(r) = -3*r**2 + 4*r + 3. Let b be n(q). Let w = b - -83. Let h(d) = 2*d**3 - 3*d**2 + 4*d - 2. Calculate h(w).
10
Let b(w) = -4*w**2 - w - 1. Let y be 3/24*8 + 3. Let u be (-6)/y*(-48)/(-72). Determine b(u).
-4
Let x(d) = -11*d - 2. Let r(j) = -3*j. Suppose -12 = 2*p + 5*q, -15*p = -14*p + 4*q + 9. Let y(v) = p*x(v) + 2*r(v). Suppose -3*l + 3 = -4*l. What is y(l)?
-13
Suppose 0 = 112*d + 302 + 930. Let h(k) = -k**3 - 11*k**2 + 3*k + 34. Give h(d).
1
Suppose -4*o - 5*i = -3*i - 90, -2*o + 31 = 3*i. Let t(q) = q**3 - 26*q**2 + 2*q - 47. Calculate t(o).
5
Let y(a) = -a**3 + 3*a**2 + 7*a - 5. Suppose -4*n - 1 = -1. Suppose n = -10*o + 57 - 17. Calculate y(o).
7
Let t = -14218 + 14219. Let s(q) = -45*q**2 - 2. What is s(t)?
-47
Let v(s) be the first derivative of -s**4/2 - 5*s**3 - 7*s**2/2 - 2*s - 545. What is v(-7)?
-2
Let v(i) be the third derivative of i**4/24 - 7*i**3/6 - 297*i**2 + 1. Let k(r) = -r + 3. Let o be k(-3). What is v(o)?
-1
Let h(i) be the third derivative of i**7/2520 - i**6/720 - i**4/8 + i**2 - 9*i. Let a(x) be the second derivative of h(x). Calculate a(6).
30
Let o(b) = 7*b + 19. Let j(c) = 12*c + 36. Let z(q) = -3*j(q) + 5*o(q). What is z(-16)?
3
Let a(z) = -20*z**2 - 16*z**2 + 7*z + 54*z**2 - 1 - 19*z**2 + 12*z. What is a(19)?
-1
Let l(j) = -j**3 + 8*j**2 - 5*j - 30. Let i(s) = -4*s**3 + 32*s**2 - 20*s - 130. Let a(n) = 2*i(n) - 9*l(n). Calculate a(7).
-4
Let w(s) = s**3 + 8*s**2 - s - 4. Let i be w(-8). Let z be (-310)/6 - i/12. Let g = -50 - z. Let n(x) = -x**3 - 3*x**2 + 3*x - 2. Calculate n(g).
-16
Let n be 11 - 11/(11/(-5)). Let d(y) = n*y + 14*y - 37*y + 14*y + 4. Calculate d(-2).
-10
Let r(b) = 7*b**3 + 24*b**2 + 20*b + 18. Let d(v) = 13*v**3 + 45*v**2 + 38*v + 35. Let z(a) = -6*d(a) + 11*r(a). What is z(-4)?
-12
Let b = 25011 - 25038. Let c(w) = w**2 + 25*w - 19. Determine c(b).
35
Suppose -3*b = 4*j - j + 12, 5*j + 5 = -2*b. Suppose 5*x - 5 = r, 2*x = 5*r + j - 45. Suppose -34 = -11*h + r. Let f(d) = d + 2. What is f(h)?
6
Let m(z) = z**2 + 177*z + 1665. Let h be m(-10). Let f(n) = 3*n**2 + 5*n - 10. Calculate f(h).
40
Let b be (-13)/13 - -1 - 16. Let y(o) = o + 1. Give y(b).
-15
Let g(w) = 25*w + 46. Let h(i) = -22*i - 37. Let d(j) = -5*g(j) - 6*h(j). Determine d(-4).
-36
Let c(u) = -2*u**3 - u**2 + 2*u - 2. Let z(a) = -7*a**3 - 10*a**2 + 23. Let p(m) = -3*c(m) + z(m). Calculate p(-4).
5
Let z(h) be the first derivative of -45 + 0*h - 1/60*h**5 - 7/2*h**2 + 2/3*h**3 + 5/24*h**4. Let k(f) be the second derivative of z(f). Calculate k(5).
4
Let h(p) = p + 11. Suppose -25*j + 26 = 1. Let l(w) = -5*w**3 + 2*w**2 + 5*w - 5. Let s be l(j). What is h(s)?
8
Let k(u) be the third derivative of u**6/120 - u**5/30 - 7*u**4/24 + u**3/2 + 4618*u**2. Calculate k(0).
3
Let m be (-2*12/(-32))/(4/(-16)). Let k be -13 + -4 + 13 - m. Let q(x) = 10*x**3 - x. Calculate q(k).
-9
Suppose -4*l = -2*u + 18, -2*u = 4*l - 10 + 24. Let m(b) = -u + 3 - b - 1 + 2*